h - 121 = 18*h. Calculate the highest common divisor of h and 1.
1
Suppose -4*p - 4*n = -660, -2*n - 12 = 2*n. What is the highest common factor of 48 and p?
24
Let i(x) be the second derivative of 10*x**3/3 - x**2/2 - 25*x. Let u be i(1). Calculate the highest common factor of u and 171.
19
Let y be (68/6)/(-7 - (-69)/9). What is the greatest common factor of 1003 and y?
17
Let c(a) = 9*a**2 + 4*a + 10. Let p be c(-8). Let l = p - 171. Suppose -5*q - j + 113 = -l, 5*q = j + 494. What is the greatest common factor of 9 and q?
9
Suppose -4*s - 5*u = -3*s - 20, 4*u + 32 = 4*s. Suppose -s*k = -8*k - 54. What is the greatest common divisor of k and 297?
27
Let x(q) = 3*q + 1. Let l be x(5). What is the highest common factor of l and 1136?
16
Let r(j) = -j**2 - 22*j + 30. Let k(x) = -x**3 - 29*x**2 - 27*x + 8. Let f be k(-28). Let m be r(f). Calculate the highest common divisor of 14 and m.
14
Suppose 0 = 2*c + 2*k + k + 14, 5*k - 7 = c. Let n(o) = -o**2 - 5*o - 4. Let h be n(c). Let y be (-86)/h + 4/18. What is the greatest common factor of y and 35?
5
Let q = -179 - -194. Calculate the highest common divisor of 35 and q.
5
Let f be -1*(1 + 0)*-2. Let s be (6 - f)*(0 + 1). Suppose s*o - 32 = 4. What is the greatest common divisor of 27 and o?
9
Suppose -4*q = -2*q + 4*c - 108, -5*c = -4*q + 216. Let j be ((-1)/(-6))/(9/q). What is the greatest common factor of 1 and j?
1
Let t = 162 - 58. Calculate the highest common factor of t and 13.
13
Let i(q) = -q**3 + 6*q**2 - 5*q + 5. Let m be i(4). Let v(u) = 112*u**2 - 29*u - 22. Let f be v(-1). What is the highest common divisor of f and m?
17
Let d be 1317/27 - (-12)/54. What is the highest common divisor of d and 49?
49
Suppose 5 = -5*k, 3*k = -2*h - 2*k + 5. Suppose h*b + 11 - 26 = 0. Suppose b*z = 11 + 25. Calculate the greatest common divisor of z and 12.
12
Suppose -200 = -2*d - 3*d. Suppose 35*g - 38 = -5*u + 36*g, 2*g = 4*u - 28. Calculate the greatest common factor of d and u.
8
Let o = -36 + 47. What is the highest common factor of 176 and o?
11
Suppose -2*o + 5*o - 54 = 0. What is the highest common factor of 126 and o?
18
Let d be ((-21)/6)/(32/(-64)). Suppose 0*u + 77 = u. What is the greatest common factor of u and d?
7
Suppose 0 = 6*r - r - 95. What is the highest common factor of r and 247?
19
Let f = 44 - 42. Suppose -3*m = f*m - 3*y - 19, 3*m + 2*y = 0. Let b(p) = -p**2 - 6*p + 1. Let w be b(-6). Calculate the highest common factor of w and m.
1
Suppose 4*w + 4 = 0, 4*l + 0*w - 816 = -4*w. Let h = l + -157. What is the greatest common divisor of 3 and h?
3
Suppose 15 = 2*c + 3*c. Suppose 0 = -6*w + 21 + 9. Let k be 2/w*(c + 2). What is the highest common factor of k and 14?
2
Let u be (-1)/(-4) - (-428)/16. Calculate the highest common factor of u and 81.
27
Suppose i + 2 = 2*r + 12, 0 = 3*i - 3*r - 24. Suppose 0 = -3*q - i + 21. Suppose -57 = -4*u + 43. Calculate the highest common divisor of q and u.
5
Suppose -3*f + 0*f = -15, 0 = 4*r - 2*f - 278. Let o = 276 - 252. What is the greatest common divisor of o and r?
24
Suppose -l - 6*v + 40 = -v, -4*l + 64 = -4*v. Let o be (-8)/12 - (-528)/(-18). Let h be 3/o + 2412/120. What is the highest common divisor of l and h?
20
Let x be ((-3228)/(-15))/1 - 52/260. Calculate the greatest common factor of x and 15.
5
Let t(u) = -u**3 - u**2 + 4*u + 2. Let r be t(0). Calculate the greatest common factor of 2 and r.
2
Suppose 0 = -7*f + 434 + 770. What is the greatest common factor of f and 4?
4
Suppose 0 = 65*y - 14*y - 6375. Calculate the highest common factor of y and 225.
25
Suppose 5*p + 0 = -5. Let b(h) = 3*h + 2. Let q be b(p). Let w be 30/(q - (-20)/12). Calculate the highest common divisor of w and 9.
9
Let u(g) = -g**2 - 8*g + 9. Let z be u(-10). Let i be (1 - 0) + 12 + z. What is the highest common divisor of i and 18?
2
Let j(r) = 14*r - 6. Let z be j(4). Suppose 5*a - 25 = d - 0*a, 2*d + 3*a = -24. Let s be (-2)/(-3) - z/d. Calculate the greatest common factor of s and 44.
4
Let x = 7 - 3. Suppose x*m = -0 + 8. Suppose -k - 2*c = m - 15, 5*c - 13 = 4*k. Calculate the highest common divisor of k and 21.
3
Let c be 3/(-1) - 36/(-9). Let w be 48/(-40)*c*-5. Calculate the highest common factor of 3 and w.
3
Let s = -7800 - -7821. Suppose 2*o - 3*b - 25 = -2, 8 = 2*o + 2*b. Calculate the highest common factor of o and s.
7
Suppose 0 = -0*d + 3*d - 150. Suppose p = -4*p + d. Let j(o) = o**2 + 17*o - 45. Let v be j(-20). What is the greatest common factor of v and p?
5
Let h be (-2)/(-8)*3 - 1023/(-44). Let d be (0 + -2)/(1/(-7)). Let n = d + -8. Calculate the highest common factor of n and h.
6
Suppose g + 5*s - 8 = -20, 0 = 4*g - 5*s - 27. Suppose -2*m = i - 25, -2*i - i = -g. Calculate the highest common factor of 4 and m.
4
Let d = -18 + 12. Let g be 1239/63 + (-2)/d. What is the greatest common factor of 220 and g?
20
Suppose 4*a - 68 = 4*b, 2*b + 76 - 86 = 0. What is the highest common divisor of 198 and a?
22
Suppose 4 = -3*j + 70. Let v = -52 + 85. What is the greatest common divisor of j and v?
11
Suppose -4*t + t + 84 = 0. Let z be (-5 - 16)*1/((-3)/10). Calculate the greatest common factor of z and t.
14
Suppose -71*t = 11*t - 6150. Suppose z - 14 = -5*b + 64, -2*b + 45 = 5*z. Calculate the highest common divisor of b and t.
15
Suppose -3*m + 209 - 44 = 0. Suppose 4*t + m = 3*q - 0*t, 0 = -5*q - 5*t + 115. Calculate the greatest common factor of q and 7.
7
Suppose -y + 2 = 2*g + 3, 0 = -5*g - 4*y - 10. Suppose -5*f = -3*u + 29 + 30, -5 = 5*f. Calculate the highest common divisor of u and g.
2
Suppose 0 = 624*w - 618*w - 84. Calculate the highest common divisor of 26 and w.
2
Suppose -9*s = -201 - 537. Let y = s + -38. What is the highest common divisor of 11 and y?
11
Let v be -2 + 0/(-2) + 4. Suppose -v*j = -2*b + 44, 0 = 2*b + 4*j - 11 - 45. Let h be 72/(-84)*(-15 + 1). Calculate the highest common factor of b and h.
12
Let o be -4 - (32/(-4) + -5). Let j = 8 - -1. What is the highest common divisor of o and j?
9
Suppose 0 = -3*n - n + 20. Suppose n*h = 2*h - 3*a + 228, 5*h - 2*a - 415 = 0. Suppose -o = -4*o + h. What is the greatest common divisor of 9 and o?
9
Let i be 23 - (-3)/(3/(-5)). Suppose -z - 4 = -2*z. Suppose -2*x - i = -z*x. Calculate the greatest common divisor of x and 45.
9
Suppose 88 = -9*s + 124. Let g be 2*-1*(3 - 11). What is the highest common factor of g and s?
4
Let n be -3 + (-1 - 2 - 8). Let v = 16 + n. Suppose v = 2*j - 4, 0 = 4*c + 2*j - 126. Calculate the highest common factor of c and 6.
6
Suppose 10*g - 7*g - c = 98, -3*g + 2*c + 94 = 0. What is the greatest common divisor of g and 102?
34
Let y be (-4)/(-14) + 444/14. Let k = -29 - -44. Let x = k - 11. Calculate the greatest common divisor of x and y.
4
Suppose 5*p - 330 = 5*b, 0 = 4*b - 32 + 20. What is the highest common divisor of p and 989?
23
Let x(o) = -8*o - 373. Let r be x(-52). Calculate the highest common factor of r and 4.
1
Suppose 24 + 20 = 2*v. Let c = -426 - -646. Let z = c - 132. What is the highest common factor of z and v?
22
Let l(b) = b**3 - 3*b**2 - 2*b. Let u be l(4). Suppose u*p - 49 = p. What is the highest common divisor of 1 and p?
1
Suppose -2*a - 2*c = -42, -a + 57 = a - 3*c. Suppose -3*i + 2*i + a = 0. Calculate the greatest common factor of i and 120.
24
Suppose -x + 3 = 0, 5*v + 0*x = 3*x + 576. Suppose -4*h + v + 279 = 0. Calculate the highest common factor of h and 11.
11
Let c(a) be the second derivative of a**4/12 - 23*a**2/2 - 7*a. Let l be c(6). Calculate the greatest common factor of l and 13.
13
Let w(l) = 1067*l**2 + 4*l + 5. Let m be w(-1). What is the highest common divisor of 12 and m?
12
Let o be (-1)/(38/40 + -1). Let m = -72 - -82. Calculate the greatest common factor of m and o.
10
Let z(y) = 1246*y**3 + 5*y**2 - 9*y + 6. Let m be z(1). Calculate the highest common factor of m and 288.
96
Let d(f) = f**3 - 3*f**2 - 23*f + 32. Let c be d(-4). Calculate the greatest common divisor of 27 and c.
3
Suppose -2*p - 4 = -8. Let r be -2 + (54/p - 1). Suppose -s = 4*u - 14 - 2, 4*u = 5*s - 56. What is the greatest common factor of r and s?
12
Suppose 66*c - 63*c - 126 = 0. What is the greatest common factor of 63 and c?
21
Let u be (-6)/(-24) + (-7)/(-4). Suppose 0 = 4*o + 5*x + 1, x - u*x = 3*o - 13. Suppo